0
110011110001 (base 2) to base 8
6361
30303 (base 4) to base 8
1463
What is -1698 (base 10) in base 8?
-3242
-102100 (base 3) to base 15
-156
3444 (base 10) to base 13
174c
Convert 13010 (base 7) to base 5.
102222
Convert 230 (base 9) to base 16.
bd
Convert 4334 (base 9) to base 4.
301312
Convert 101111101110 (base 2) to base 6.
22050
11094 (base 12) to base 7
122551
-20205 (base 9) to base 10
-13289
Convert -1094 (base 12) to base 9.
-2464
83 (base 12) to base 13
78
Convert -34a0 (base 11) to base 8.
-10753
Convert -2311 (base 5) to base 12.
-237
-675 (base 8) to base 3
-121111
-3312222 (base 4) to base 6
-201030
-145 (base 16) to base 5
-2300
What is 10123302 (base 4) in base 7?
103644
-53 (base 11) to base 5
-213
-101011100100101 (base 2) to base 11
-15841
What is -24 (base 12) in base 8?
-34
What is 10011112211 (base 3) in base 8?
171635
7898 (base 11) to base 13
4965
408 (base 11) to base 5
3432
Convert -594 (base 11) to base 9.
-866
Convert -1359 (base 11) to base 13.
-a53
100111010000 (base 2) to base 12
1554
-14b4 (base 13) to base 11
-22a6
What is -1676 (base 13) in base 12?
-1ab8
Convert -3c (base 15) to base 5.
-212
102210 (base 6) to base 8
20136
Convert -11010001000 (base 2) to base 8.
-3210
2107 (base 9) to base 16
60a
Convert -2111010 (base 3) to base 9.
-2433
What is -1415 (base 14) in base 6?
-24231
What is -49 (base 13) in base 8?
-75
What is -21231002 (base 4) in base 9?
-60462
f7 (base 16) to base 6
1051
Convert -709 (base 10) to base 11.
-595
Convert 1a2 (base 12) to base 2.
100001010
21 (base 7) to base 6
23
Convert 10010002210 (base 3) to base 5.
3430221
What is -4252 (base 7) in base 10?
-1507
Convert 1002200210 (base 3) to base 5.
1143043
What is -51505 (base 6) in base 16?
-1ae1
What is 1d7 (base 16) in base 4?
13113
Convert -2291 (base 11) to base 9.
-4107
What is 5ab0 (base 16) in base 15?
6d2b
31033 (base 4) to base 15
3b7
Convert 5468 (base 12) to base 10.
9296
1298 (base 12) to base 6
13512
Convert 202202 (base 4) to base 14.
b3c
-7339 (base 10) to base 13
-3457
-1a0 (base 15) to base 16
-177
-21220 (base 5) to base 9
-1864
Convert -13533 (base 6) to base 12.
-12a9
What is 12303 (base 4) in base 13?
276
Convert 26d (base 16) to base 7.
1545
-1011001100 (base 2) to base 9
-875
Convert 364 (base 11) to base 8.
661
-d69 (base 14) to base 6
-20121
760 (base 9) to base 11
515
120323 (base 4) to base 14
81d
What is e9 (base 15) in base 12?
163
1111000011 (base 2) to base 11
7a6
-15374 (base 8) to base 16
-1afc
What is 131405 (base 6) in base 11?
9046
Convert 11 (base 15) to base 6.
24
What is -339 (base 10) in base 9?
-416
76d5 (base 15) to base 2
110001001010111
What is -2c22 (base 14) in base 12?
-467a
-1003233 (base 4) to base 5
-114320
ed (base 16) to base 7
456
What is 23330 (base 4) in base 8?
1374
What is 23636 (base 8) in base 3?
111220122
What is -54e (base 16) in base 9?
-1768
-444 (base 12) to base 16
-274
-122545 (base 7) to base 8
-54055
-574 (base 9) to base 10
-472
Convert 1548 (base 10) to base 4.
120030
Convert 52265 (base 9) to base 12.
17b58
Convert -172cc (base 14) to base 8.
-161524
What is 167 (base 11) in base 15?
ce
Convert -16606 (base 8) to base 7.
-31015
What is 36070 (base 8) in base 15?
487b
What is 3413 (base 11) in base 5?
120431
Convert -c2b (base 13) to base 2.
-100000010001
Convert 1012211 (base 3) to base 14.
474
9c34 (base 13) to base 9
32861
What is 1a4 (base 16) in base 14?
220
121001 (base 5) to base 15
1501
Convert -628 (base 13) to base 15.
-49d
73bc (base 14) to base 9
30340
Convert -43122 (base 12) to base 10.
-88298
Convert -111110100000 (base 2) to base 16.
-fa0
-730 (base 9) to base 8
-1122
154156 (base 7) to base 9
45467
110110111000 (base 2) to base 4
312320
Convert -345112 (base 7) to base 16.
-f166
Convert -2d2b (base 14) to base 8.
-17613
ac3 (base 16) to base 8
5303
Convert 32330 (base 4) to base 5.
12311
Convert 7c (base 13) to base 7.
205
33664 (base 11) to base 9
73734
-44210 (base 5) to base 13
-1510
Convert -1415 (base 8) to base 11.
-650
What is 1264 (base 12) in base 3?
2212111
-2b14 (base 12) to base 2
-1001111000000
What is -6a3 (base 11) in base 4?
-31013
1014 (base 7) to base 8
542
Convert 1fb (base 16) to base 12.
363
918 (base 13) to base 14
7c2
Convert de5 (base 15) to base 11.
23a5
Convert -1890 (base 13) to base 9.
-5023
Convert 746 (base 13) to base 2.
10011011001
-1938 (base 15) to base 16
-154d
23514 (base 6) to base 10
3430
214222 (base 5) to base 2
1110100001101
100101100111000 (base 2) to base 16
4b38
What is -1645 (base 7) in base 5?
-10140
What is -1be (base 16) in base 6?
-2022
What is 7389 (base 11) in base 3?
111102010
What is -50360 (base 10) in base 14?
-144d2
9093 (base 10) to base 13
41a6
142012 (base 5) to base 8
13372
a963 (base 12) to base 7
105243
1323 (base 4) to base 5
443
2122211 (base 4) to base 7
40562
-110111010 (base 2) to base 4
-12322
Convert -18294 (base 10) to base 14.
-694a
What is -121120 (base 4) in base 12?
-b34
Convert -12041 (base 9) to base 2.
-1111101111000
What is -972 (base 14) in base 5?
-24424
-1110000001001 (base 2) to base 8
-16011
-2035 (base 7) to base 4
-23020
10110113 (base 4) to base 16
4517
Convert -6042 (base 9) to base 8.
-10474
Convert 2354 (base 8) to base 7.
3450
What is 317 (base 10) in base 8?
475
What is 134 (base 16) in base 3?
102102
What is 61617 (base 8) in base 6?
313555
Convert -101111110010100 (base 2) to base 3.
-1020120020
37823 (base 10) to base 7
215162
What is 14a9d (base 14) in base 10?
51491
-14080 (base 12) to base 9
-42046
What is 23220 (base 4) in base 16?
2e8
-53023 (base 6) to base 12
-4173
What is -1662 (base 8) in base 13?
-57a
Convert 11020 (base 3) to base 8.
162
What is -1131133 (base 4) in base 16?
-175f
Convert 11012123 (base 4) to base 13.
9680
What is 2200124 (base 5) in base 2?
1001001010100011
-1375 (base 16) to base 3
-20211111
Convert 6a86 (base 13) to base 15.
468c
Convert 158 (base 13) to base 14.
134
11201002 (base 3) to base 5
102211
What is -9925 (base 12) in base 6?
-210045
Convert 500 (base 6) to base 7.
345
What is -775 (base 10) in base 7?
-2155
What is -10011011110 (base 2) in base 11?
-a33
What is -2041332 (base 5) in base 10?
-33967
What is -3853 (base 12) in base 13?
-2bb3
Convert 20343 (base 7) to base 4.
1031310
What is 540 (base 12) in base 16?
300
What is 875c (base 14) in base 7?
125145
-2218 (base 10) to base 7
-6316
What is bc4 (base 14) in base 13?
10a1
-22230 (base 6) to base 13
-1557
1234 (base 13) to base 3
10112111
What is 15712 (base 9) in base 13?
4ba7
205502 (base 7) to base 16
8af8
What is -803 (base 12) in base 16?
-483
Convert -1000000100011 (base 2) to base 12.
-2483
Convert -e86 (base 16) to base 13.
-1900
83b (base 12) to base 7
3332
-155543 (base 6) to base 13
-70c8
Convert 1263 (base 7) to base 14.
26a
-20d (base 14) to base 8
-625
What is 10737 (base 12) in base 5?
1144122
13212 (base 4) to base 8
746
What is -1c01 (base 13) in base 11?
-31a2
Convert -4947 (base 13) to base 5.
-312433
21012200 (base 3) to base 7
21216
212022 (base 3) to base 14
32d
What is 3132332 (base 4) in base 12?
8312
What is 1161 (base 15) in base 14?
14b9
-1e39 (base 15) to base 16
-19b3
Convert 1162 (base 14) to base 8.
5722
Convert 12233 (base 4) to base 12.
2bb
What is -5220 (base 6) in base 7?
-3252
24a73 (base 11) to base 12
18934
Convert -2401 (base 7) to base 6.
-4031
-202 (base 5) to base 3
-1221
-3e4 (base 16) to base 13
-5b8
Convert 16a2 (base 13) to base 15.
ecd
-661 (base 13) to base 6
-5021
Convert -121122020 (base 3) to base 14.
-45c5
What is -1943 (base 14) in base 12?
-2787
Convert -13034 (base 5) to base 4.
-33323
110001111 (base 2) to base 13
249
Convert -70 (base 9) to base 8.
-77
What is -435343 (base 6) in base 7?
-210363
Convert 5300 (base 11) to base 9.
10557
-11110101101 (base 2) to base 4
-132231
-c0 (base 15) to base 2
-10110100
Convert -16760 (base 9) to base 7.
-45456
101010111 (base 2) to base 12
247
Convert 5345 (base 13) to base 6.
125245
What is -10020223 (base 4) in base 12?
-9977
14 (base 6) to base 12
a
What is 50 (base 13) in base 10?
65
What is 313 (base 9) in base 3?
100110
What is -23d (base 15) in base 5?
-4013
Convert 24324 (base 9) to base 2.
11111110101111
70b (base 16) to base 9
2423
-9c (base 14) to base